e remainder when f(x) is divided by 5?
4
Let p = 41 + -22. What is the remainder when p is divided by 10?
9
Suppose -5*x = -3*x - 26. Calculate the remainder when x is divided by 8.
5
Let t(j) = 5*j - 21. Let a(k) = 2*k - 7. Let s(x) = -8*a(x) + 3*t(x). Let u be s(-6). What is the remainder when 48 + (-1 + 1 - u) is divided by 17?
15
Suppose 4*l - 2*l = 0. Suppose 0 = -q - 4 + 14. Let j = l + q. What is the remainder when 18 is divided by j?
8
Let i(j) = j**2 + 3*j. Let g be i(-5). What is the remainder when 63 is divided by (-5)/(g/4) + 18?
15
Let h(a) = a + 1. Let o be h(-2). Suppose -g = m - 0*g - 9, 41 = 4*m + 3*g. Calculate the remainder when (o*13)/((-3)/6) is divided by m.
12
Suppose -13 + 61 = 12*y. Calculate the remainder when 4 is divided by y.
0
Suppose 0 = -8*a + 3*a + 125. Calculate the remainder when 47 is divided by a.
22
Let l(x) = -x**3 + 2*x**2 + 5*x - 3. Let p be l(3). Calculate the remainder when p + (0 - 3/(-3)) is divided by 2.
0
Let p(w) = -w**2 + 8*w - 3. Let n be p(7). Suppose n*d + 1 = 9. Suppose -2*x = 5*c - 5, 2*x = -0*c - 3*c + 7. Calculate the remainder when x is divided by d.
1
Suppose 0*c - 7 = -c. Suppose r + t - c = 3*t, -r - 3*t + 2 = 0. Suppose r*n - 14 = 1. What is the remainder when n is divided by 2?
1
Suppose -28 + 108 = 5*x. Calculate the remainder when x is divided by 8.
0
Suppose 5*j - 5*x - 135 = 0, 2*j - 49 = x + 2*x. What is the remainder when j is divided by 17?
15
Let w(l) = -9*l + 2 + 3*l + 4*l. What is the remainder when 70 is divided by w(-11)?
22
Let b(v) = v - 6. Let o be b(4). Calculate the remainder when 11 is divided by o*((-28)/8 + 2).
2
What is the remainder when 68/5 + 10/25 is divided by 5?
4
Let l(u) = -15 + 8 + 6*u**3 - u + 4*u**2 - 2*u**3 - 3*u**3. Suppose 3*x - 36 = -3*c, 2*x + 34 = 4*x + 4*c. What is the remainder when x is divided by l(-3)?
2
Let x be ((-8)/5)/(-2)*25. Suppose 4*n = 2*n + x. Calculate the remainder when 27 is divided by n.
7
Suppose -48 - 24 = -4*j. Suppose 4*k + 6 = 14. Suppose j = -k*b + 5*b. Calculate the remainder when b is divided by 3.
0
Let c = 3 + 1. Let k = 63 + -10. What is the remainder when k is divided by 0 - 1 - (c + -19)?
11
Suppose 0 = -0*x + 3*x - 18. Suppose 2*l - n = 57, -x*l + 2*l + 5*n = -105. Calculate the remainder when 28 is divided by (l/(-4))/((-1)/2).
13
Let h(m) = m - 1. Suppose -8 + 0 = 2*f - 4*u, 4*f = 4*u - 16. Let v = 0 - f. Calculate the remainder when v is divided by h(3).
0
Suppose -4*w - 18 = d + w, 0 = -d - 3*w - 8. What is the remainder when 19 is divided by d?
5
Let x(y) = 4*y**2 + 2*y - 2. Calculate the remainder when 3/(-3) + 55 + -2 is divided by x(2).
16
Let g = 23 + -21. Suppose -u = g*u - 207. What is the remainder when u is divided by 18?
15
Let u(l) = 3*l - 2. Let y = -264 - -278. Calculate the remainder when y is divided by u(2).
2
Let s be 24/(-2)*26/(-4). Suppose -2*c - s = -4*c. Calculate the remainder when c is divided by 10.
9
Suppose 0 = -7*c + 268 + 33. Calculate the remainder when 124 is divided by c.
38
Let u be 12 - (-1 - (-1)/(-1)). What is the remainder when u/(-63) + 155/9 is divided by 6?
5
Let k = 25 + -2. Suppose 0 = -w + 2*w - 5. Suppose 181 = w*h - 159. What is the remainder when h is divided by k?
22
Calculate the remainder when (855/27)/(4/12) is divided by 6.
5
Suppose -3*m + 33 = -45. What is the remainder when 51 is divided by m?
25
Let v = 8 + -4. Suppose -p + 4 - 1 = 0, s - v*p = 0. What is the remainder when 34 is divided by s?
10
Suppose -73 = -4*d + 23. What is the remainder when 95 is divided by d?
23
Let p = -57 - -124. Let w = p + -14. Calculate the remainder when w is divided by 27.
26
Let u = -3 - -8. Let i = -14 + 23. Calculate the remainder when i is divided by u.
4
Let d = 15 + -8. What is the remainder when d is divided by 2?
1
Let g = 103 + -27. Calculate the remainder when g is divided by 40.
36
Suppose 4*t = s + 2*s - 13, 0 = -s - 5. Calculate the remainder when 33 is divided by (-2)/7 - 121/t.
16
Let d = 9 - 4. Let h be d/(-2)*-1*2. Let i = h + 1. What is the remainder when 10 is divided by i?
4
Suppose -49 = -a - 5*d - 0*d, 4*d = 4*a - 292. What is the remainder when a is divided by 24?
21
Let b(n) = n**2 - 3*n - 1. Let c be b(4). Suppose -146 = -c*l + 7. Calculate the remainder when l is divided by 13.
12
Let l(b) = -28*b - 11. What is the remainder when l(-10) is divided by 45?
44
Suppose -n = -2*n - 13. Let y = 39 - n. What is the remainder when y is divided by 18?
16
Suppose -h + 118 = -3*c, 0 = -2*h + 3*c + 249 - 1. Suppose -k = p - 36, p + 3*k = 5*p - h. What is the remainder when p is divided by 18?
16
Suppose -10*s - 176 = -26*s. Let a = 28 + 40. Let o = a - 36. Calculate the remainder when o is divided by s.
10
Let a(t) = -t**2 + 6*t - 7. Let c be a(6). Let p = 9 + c. Suppose 2*i - 3*i = -2. What is the remainder when p is divided by i?
0
Suppose -j + 3 = -13. Suppose o = 39 - j. What is the remainder when o is divided by 8?
7
Suppose -k + d = -0*k - 110, 3*d + 15 = 0. Calculate the remainder when k is divided by 22.
17
What is the remainder when 23 is divided by 8/(-10) + 232/40?
3
Suppose -3*u - 2*o = 2*u - 272, 5*u - o - 284 = 0. Calculate the remainder when u is divided by 16.
8
Suppose -5*i - 87 = -367. Let j(v) = v**3 + 5*v**2 - 17*v - 2. What is the remainder when i is divided by j(-7)?
18
Let j(f) = f + 11. Suppose 4*w = -5*x - w - 50, -3*x - 36 = 5*w. Let l be j(x). Let o = l - 2. What is the remainder when 3 is divided by o?
1
Let n(a) = 2*a**3 - 2*a**2 - 1. Let q be ((-8)/(-10))/(3/30). Let s = q + -5. What is the remainder when n(2) is divided by s?
1
Let g = 1 - 13. What is the remainder when 55 is divided by (1 + 20)/((-18)/g)?
13
What is the remainder when 68 is divided by 6/(-9)*-36*1/2?
8
Let s(j) = j**2 - j**3 + 5*j**2 - 5*j**2 + 2. Calculate the remainder when 3 is divided by s(0).
1
Suppose -4*v + 5*d + 150 = 17, 3*v = -4*d + 92. Calculate the remainder when 93 is divided by v.
29
Suppose 47 = -3*w - 4*y, 5*w - y + 63 = -0*y. Let q = w + 32. What is the remainder when 36 is divided by q?
17
Let n be (-2)/2 + 2 - -7. Let k = 13 + n. Calculate the remainder when k is divided by 8.
5
Suppose -2*h + 122 = 4*j, 0*j + 5*j + h - 160 = 0. Let f(o) = -o**3 - o**2 - o + 17. Calculate the remainder when j is divided by f(0).
16
Let d(p) = -p**2 + 12*p + 1. What is the remainder when -12*((-11)/4 - -1) is divided by d(11)?
9
Suppose 2*t = -7 + 1, 0 = 3*x + 3*t. What is the remainder when 4 is divided by x?
1
Suppose -3*v - 2*v - 5 = 0. Let z(k) be the first derivative of -13*k**2/2 + 1. What is the remainder when 37 is divided by z(v)?
11
Suppose 0 = f + f - 54. Suppose 4*w + x + 147 = 0, 3*x - f = 3*w - 2*w. Let v = -25 - w. Calculate the remainder when 32 is divided by v.
10
Let x(q) be the first derivative of q**4/4 - 5*q**3/3 - 5*q**2/2 + 3*q + 1. Let u = 28 + -12. Calculate the remainder when u is divided by x(6).
7
Suppose -2*a = 3*a + 25, 3*k + 13 = -5*a. Suppose -5*h - d = -16, 4*h + k*d - 7 = 3*h. Suppose -h*g + 74 = -4. Calculate the remainder when g is divided by 9.
8
Suppose 7*g - 10 = 2*g. Suppose -g*i + 81 = i. Calculate the remainder when i is divided by 15.
12
Let z = -6 - -9. Suppose 0 = 2*f - z*f - 20. Let y = -12 - f. What is the remainder when 15 is divided by y?
7
Let b = 28 + -16. Let x(p) = 7*p + 4. Let g be x(12). What is the remainder when g/(-2)*6/(-12) is divided by b?
10
Let c(l) = l**3 - 8*l**2 + 5*l + 12. Let a be c(7). What is the remainder when 21 is divided by (5 - 4)/(a/(-12))?
3
Suppose -2*d - 3*d = -90. Suppose 6 = -x - 3*s, 0 = -3*x - s - 1 + 7. Suppose z + 6 = -4*g, -5*z - x*g + d = g. What is the remainder when 17 is divided by z?
5
Let o(i) = 8*i**2 - 2*i + 2. Suppose 3*z + 92 = 446. What is the remainder when z is divided by o(2)?
28
Suppose 0*l + 60 = 5*l + 3*h, 3*l - 36 = -2*h. What is the remainder when 23 is divided by l?
11
Let g(a) = a + 13. Let q be g(-8). Let i = q - 11. Let r(h) = 2*h**2 + 8*h - 4. Calculate the remainder when r(i) is divided by 11.
9
Suppose -3*s = 2*x + 16, -4*s + 9*s = x - 18. Let o(a) = a + 5. Let l = -1 + 2. Calculate the remainder when l is divided by o(s).
0
Let o = 53 + -28. Let i(s) = 0*s + 5 - s + 15 - 7. Calculate the remainder when o is divided by i(0).
12
Calculate the rema